4*b = -14. Suppose -b = -3*z - 8. What is the remainder when z/4 + 275/22 is divided by 3?
0
Suppose i + 2*i + 2*i = 0. Suppose 8 = -4*n, 5*a + n - 3*n = 304. Calculate the remainder when a is divided by 7 + 1/2*i.
4
Suppose 8*c - 1245 = 443. Suppose 209*r - c*r + 114 = 0. What is the remainder when r is divided by 13?
5
Let z(w) = w**2 + 8*w. Let j be z(-8). Suppose j = -13*f + 13. Suppose 4*k - 5*t = -1, -k + 5*t = -5*k + 9. Calculate the remainder when k is divided by f.
0
Let b(w) = -73*w**2 - 6*w - 1. Let o be b(-1). Let n = -166 + 118. Let g = n - o. What is the remainder when 36 is divided by g?
16
Suppose 0*a = 2*a + 4*w - 28, 5*a + w = 97. Calculate the remainder when (-441)/(-15) + (-8)/a + 3 is divided by 17.
15
Suppose -4*d = -2*c + d + 4, -8 = -4*c - 5*d. What is the remainder when 1/(246/(-168) + 3/c) is divided by 17?
11
Let z(t) = -t**2 - 18*t + 149. Let d be z(6). Suppose 2 = m - d*c + 12, 0 = -2*c + 8. Suppose -43 - 229 = -4*k. What is the remainder when k is divided by m?
8
Suppose 12*k + 400 = 4*n + 8*k, 2*k + 297 = 3*n. What is the remainder when n is divided by 35?
27
Suppose -2*y - 23*v + 24*v = 6, v = 3*y + 8. What is the remainder when 65 is divided by (638/(-232))/(y/(-16)*-1)?
21
Let x(y) = 2*y**2 + y + 5. Let h(k) = k**3 - 19*k**2 + 6*k - 61. What is the remainder when x(-9) is divided by h(19)?
52
Let d = -48991 - -49101. Let y(w) = -w**3 + 5*w**2 + 6*w - 2. What is the remainder when d is divided by y(5)?
26
Let n = -75 + 108. Suppose n*r - 396 = 15*r. Calculate the remainder when 217 is divided by r.
19
Let z = 279 + -159. Suppose z = v + v. Suppose -14 = 3*u - 4*p - 46, 0 = u - p - 12. What is the remainder when v is divided by u?
12
Let a = 1653 + -1643. What is the remainder when 215 is divided by a?
5
Suppose 30*d - 3036 = -36*d. Calculate the remainder when 332 is divided by d.
10
Suppose 15 = 5*a + 40, 5*d - a - 20 = 0. Suppose 0 = 18*t - 13*t + 2*u - 41, 0 = 2*t + d*u - 23. What is the remainder when 172 is divided by t?
4
Suppose -z = -4*o + 3, 2*o + 4*z + 12 = -0*z. Suppose o = -18*j + 24*j - 12. Calculate the remainder when 18 is divided by (((-9)/j)/3)/(9/(-30)).
3
Let c be (-21)/14*16/(-12). Suppose -k = -5*f + 393, -c*f + 97 = k - 63. What is the remainder when f is divided by 16?
15
Let r = 64 - 7. Suppose -79 = -2*u - 545. Let j = 263 + u. What is the remainder when r is divided by j?
27
Let k(b) = 11*b**3 - b**2 + 11*b + 47. Let x(g) = 5*g**3 - g**2 + 5*g + 23. Let o(n) = -6*k(n) + 13*x(n). What is the remainder when 88 is divided by o(-7)?
16
Suppose 0 = 247*t + 70*t - 6102 - 5944. What is the remainder when ((-13)/3)/(6/(-108)) is divided by t?
2
Suppose 5*l - 61*r - 371 = -60*r, 0 = -4*l + 3*r + 288. Calculate the remainder when 1873 is divided by l.
73
Let v(k) be the first derivative of -k**4/4 - k**2/2 + 49*k - 2. Suppose -2 = -j - i + 3*i, 1 = 4*j - i. What is the remainder when v(j) is divided by 10?
9
Let g = -204 - -251. Let f = g + 36. Suppose -2*z - 3*t - 11 + 66 = 0, 3*z = -t + 86. What is the remainder when f is divided by z?
25
Let m(k) = k**3 + 6*k**2 - 10*k - 16. Let l be m(-7). What is the remainder when 39 is divided by (-2)/l*(-34 + -1 - 0)?
11
Let n(d) be the second derivative of 1/6*d**3 + 11/2*d**2 - 29*d + 0. Calculate the remainder when 32 is divided by n(0).
10
Suppose 2*t - 19*t = -21*t + 268. Calculate the remainder when t is divided by (-18)/3*(-14)/6.
11
Let l = -15509 + 17051. Calculate the remainder when l is divided by 48.
6
Calculate the remainder when 215 is divided by 226/((-32)/(-16) + 0/(-1)).
102
Let a(b) = -24*b - 4. Let k be a(-6). Let g = -64 + k. Let z = -81991 + 82019. Calculate the remainder when g is divided by z.
20
Let n(g) be the second derivative of -g**4/12 + 5*g**3/6 + 59*g**2/2 + g - 19. Calculate the remainder when n(7) is divided by 13.
6
Suppose 21*n - 49*n = 3360. Let b = -43 - n. Suppose -s + 12 = 4*m - 3*m, -s + m + 20 = 0. Calculate the remainder when b is divided by s.
13
Let l(g) = -391 - 397 - g - 7*g + 875. Calculate the remainder when 41 is divided by l(8).
18
Suppose 185*t - 34692 = 68*t + 49197. What is the remainder when t is divided by 38?
33
Let r be (-17658)/(-198) + (-2)/11. Suppose -782 = -13*l + r. Let q = 64 + -28. What is the remainder when l is divided by q?
31
Suppose y - 2*f - 18 = -4*f, -4*f - 24 = -3*y. What is the remainder when (-1 - 3) + -6 + (4 - -124) is divided by y?
10
Let u(b) = -17*b - 125. What is the remainder when 710 is divided by u(-9)?
10
Let f(l) = 4*l - 20. Suppose r - 2*r + 5 = 0. Let z be f(r). Suppose z = 5*j + 69 - 109. Calculate the remainder when j is divided by 5.
3
Let d = 3 - -2. Let h(s) = 71*s - 2265. What is the remainder when 249/15 + 2/d is divided by h(32)?
3
Let w = -17646 + 17657. Suppose l - 149 = 14. What is the remainder when l is divided by w?
9
Let n(z) = z**2 + 2*z - 75. Let a be (-3 + (-5)/5)*10/4. What is the remainder when 48 is divided by n(a)?
3
What is the remainder when 584 is divided by ((-20)/(-6))/(6/117)?
64
Let y be (10/4)/(50/(-40)). What is the remainder when 7 is divided by (-2 - 5)*y/7 + 0?
1
Let u = 12163 - 12122. Calculate the remainder when 344 is divided by u.
16
Suppose 4*a - 7 = 37. Let i = 56 + -55. Let v(j) = 44*j - 6. Calculate the remainder when v(i) is divided by a.
5
Let f be (-76)/10*(-6 - -1). Suppose 3*m - 76 = f. Suppose -86*p + 46376 = -8*p + 233*p - 63*p. What is the remainder when p is divided by m?
35
Let n = -359 + 361. Suppose -2*t - 2*a - 22 = -6*t, 0 = n*t + a - 13. Calculate the remainder when 29 is divided by t.
5
Calculate the remainder when 3621 is divided by -5*(10*1 - (-25296)/(-1020)).
69
Suppose s = 3*i + 419, -2*s = 5*i + 52 - 934. Let n = s + -415. What is the remainder when 573 is divided by n?
13
Let k = -1769 + 1780. What is the remainder when 476 is divided by k?
3
Let t(q) = 6*q - 65. Let o be t(13). Suppose 15*h = o*h + 2, 3*n - 68 = h. What is the remainder when 87 is divided by n?
18
Let o(s) be the first derivative of 5*s**3/3 + 2. Let b = -5114 - -5172. What is the remainder when b is divided by o(2)?
18
Let s(c) = c + 5*c - 6*c + 6*c + 2*c - 428. Calculate the remainder when 16 is divided by s(55).
4
Let l = -1689 + 1824. Calculate the remainder when 241 is divided by l.
106
Suppose 79 = 5*a - 4*a - 5*q, -3*a + 4*q = -215. What is the remainder when 1929 is divided by a?
66
Let w be 43*(-1 + 0)*-1. Let a = -26 + w. Suppose -24*j = -20*j - 2*p - 326, -2*p + 330 = 4*j. Calculate the remainder when j is divided by a.
14
Let g be (-1 + -4)/(4/392). Calculate the remainder when 87 is divided by (910/g)/(1/(-7)).
9
Suppose 55*q + 6644 = 27*q + 50*q. Calculate the remainder when q is divided by 54.
32
Suppose -3*l + 79 = 4*d, 0 = -2*d - 3*l + 5*l + 50. Let j(y) = -21*y - 6. Let b be j(0). What is the remainder when b/4 - (-2175)/50 is divided by d?
20
Let h = 388 - 379. Let n(b) = b**2 - 6*b - 12. Let f be 33/(-6)*(3 - 5). What is the remainder when n(f) is divided by h?
7
Let c = -222 + 225. Suppose 2*j + 3*s - 179 = 0, c*j = -0*j - 5*s + 269. What is the remainder when j is divided by 30?
28
Suppose 5*h + 2*s = -2*s + 4, -h = -2*s + 2. Suppose h = 15*c + 64 - 319. Calculate the remainder when 56 is divided by c.
5
What is the remainder when 60/(-16) + 4 - ((-26425)/28 + 2) is divided by 248?
198
Let r(d) = 3*d**3 + 240*d**2 - 2*d + 398. What is the remainder when r(0) is divided by 136?
126
Suppose 4*u + 17 + 22 = 3*s, 0 = s + 5*u + 6. Calculate the remainder when 1050 is divided by s.
6
Let s(m) = -143*m - 1367. Calculate the remainder when 405 is divided by s(-10).
27
Suppose -1159*j = -1128*j - 4743. What is the remainder when 612 is divided by j?
0
Let l(z) = z**3 + 26*z**2 - 17*z + 2. Calculate the remainder when l(-26) is divided by 221.
2
Suppose 0 = 124*o - 9828 - 4928. What is the remainder when 6662 is divided by o?
117
Calculate the remainder when 4330 is divided by 255/(-680) - (-918)/16.
55
What is the remainder when 71 is divided by ((-2)/5 - (-924)/60)*(-92)/(-115)?
11
Suppose 4*o + 8 = 3*g + 23, -5*g = -4*o + 17. Suppose 2*d + h = -21 + 47, 0 = o*d + h - 40. Calculate the remainder when 50 is divided by d.
8
Let i be ((-14)/1)/1 + 4. Let j = i - 0. What is the remainder when 15 is divided by (28/20)/((-